*5/40 + h**4/24 - 133*h**3/3 + 57. Let u(t) be the third derivative of b(t). Give u(3).
-8
Let n(t) = -t + 2*t**2 + 5 - 4*t - t**2. Suppose 86*v = 81*v + 175. Let k be (-20)/v - (-3 - 125/35). Give n(k).
11
Let g be (-3)/(-2 - (-10)/4). Let o(f) be the third derivative of -f**5/60 - 11*f**4/24 - 4*f**3/3 - 184085*f**2. What is o(g)?
22
Let b(p) = 14*p - 174. Let x(h) = h + 44. Let a(o) = b(o) + 4*x(o). Determine a(-4).
-70
Let o(w) = 2*w**2 - 45*w + 23. Let c be 1 + -3 - (-21 - (-51)/(-17)). Calculate o(c).
1
Let b(r) = 13*r - r**3 - 2*r + 6*r - 4 + 2*r + 18*r**2. Suppose -198*w + 125 = 5*l - 203*w, 45*w + 327 = 3*l. Determine b(l).
-4
Let z(b) = 53*b - 1614. Let w(i) = -35*i + 1071. Let q(g) = -7*w(g) - 5*z(g). Calculate q(29).
-7
Suppose -r + 6 + 2 = 3*y, -2*r + 4 = 2*y. Suppose 9 = a + 5*f, 3*a + 9 = 6*a - y*f. Let k(l) = -5*l + a*l - 2*l + 2. Calculate k(-5).
17
Let n be 7/2 - (-4)/(-8). Let d(j) = -7*j**n + 3*j**3 - 2*j - 2*j + 2*j**2 + 5*j**3 - 3. Calculate d(-2).
5
Let k(j) = 1545*j + 2 + j**3 - 1546*j + 9*j**2 - 3. Let z be k(-9). Let v(l) = 3 + z*l - 5*l - 6*l + 0. Determine v(-7).
24
Let h(z) = -z**3 + 20*z**2 - 5*z + 23. Let w be -14 + (23 - 110/(-10)). Calculate h(w).
-77
Suppose 2*f - 5*k = -13, f - 3*f + 2*k - 10 = 0. Let h(d) = -5*d**2 + 23*d + 19. Let j(n) = -2*n**2 + 11*n + 9. Let y(x) = f*h(x) + 9*j(x). What is y(-3)?
2
Let v(x) = 2*x**3 + x**2. Let y = 415 + -383. Suppose -16*o = -16 + y. Calculate v(o).
-1
Let r(w) = 2*w**3 - 2*w**2 - 3*w - 3. Suppose 2*f + 80 = 6*f + 5*j, f + 3*j = 27. Suppose f = -150*h + 155*h. Give r(h).
24
Let g(w) = -33*w**2 - 2*w - 1. Suppose 5 = -1076*o + 1071*o. Determine g(o).
-32
Let t(z) = -z**2 + 5*z - 4. Suppose 6*b - 218 - 664 = 0. Let w = -152 + b. Let k(n) = n**2 + 5*n + 4. Let u be k(w). Determine t(u).
0
Let x(h) = -1. Let q(m) = m**2 - 7*m - 6. Let d(u) = q(u) - 3*x(u). Let i(t) = 26*t**2 - 964*t + 79. Let b be i(37). Determine d(b).
-13
Let y(m) = -3*m**2 + 14*m - 8. Let x(t) = -2*t**2 + 4*t + 4. Let w(v) = x(v) - y(v). Suppose 4*h = 8*h - 24. Determine w(h).
-12
Let u(k) = k**3 - 19*k**2 - 45*k - 25. Let w = -1142 + 1163. Determine u(w).
-88
Let i(l) = 7*l + 48. Let o be 11/1 - (67 + -51). Give i(o).
13
Suppose 16*l - 51 - 48 = -99. Let f(h) be the first derivative of 26 - 1/3*h**3 + 2*h**2 + l*h. Determine f(4).
0
Let n(y) = -26*y - 5. Let r be n(2). Let c = 61 + r. Let s(x) = -5*x + 13*x - x - x**2 - c - 5*x. Calculate s(3).
-7
Let n(g) = -5*g + 3. Let f(o) = o + 1. Let x(s) = 3*f(s) - n(s). Let m = 29525 - 29528. Give x(m).
-24
Let i(b) = b**3 + 9*b**2 - 13. Suppose -18 = 4*u + 4*a + 6, 4 = 4*u - 3*a. Let q(g) = -g**3 - 8*g**2 + 11. Let t(x) = u*i(x) - 3*q(x). Calculate t(-6).
-7
Suppose -n + 17 = -15. Let v = n - 29. Suppose 2*c + 3*g + 9 = 0, -v*g = 5*c + 2*g + 15. Let q(o) = o - 12. Calculate q(c).
-12
Let y(i) = -1 - 51 - i - 2*i + 21 + 16. Determine y(-11).
18
Let s(f) be the second derivative of 5*f**3/3 - 5*f**2/2 - 2*f - 304. What is s(1)?
5
Suppose j = 131*w - 130*w + 15, 4*j - 60 = -w. Let h(a) = -3*a**3 + 44*a**2 + 15*a - 3. What is h(j)?
-3
Let y(u) = 2*u + 9. Let g(q) = q + 4. Let t(h) = 13*g(h) - 6*y(h). Let c = -3 - -9. Suppose -3*w - 2*a - 3 = -0*a, -3*w = 5*a - c. Determine t(w).
-5
Let d(j) = 34 + 34 + j + 34 - 101. Suppose -a + 25 = 2*m + 2*m, 30 = m + 5*a. Let o be ((-6)/m)/(12/(-30)). Give d(o).
4
Let p(z) = -1278 - 1275 - z - 1300 + 3810. What is p(21)?
-64
Let u(m) = -3*m. Let a = -295 + 807. Let f = a - 517. Give u(f).
15
Suppose 4*a - 30 = -2*f, 5*a = 2*f - 4*f + 35. Let g(q) = 4*q**2 + q**3 + q**2 - 1 - 2*q**3. Let h be g(a). Let z(u) = 4*u**3 - u**2 - u. What is z(h)?
-4
Let r(t) = 506 + 366*t**3 - 359*t**3 + t**2 - 506. Suppose 0 = s + 5 - 4. Give r(s).
-6
Let i(v) be the first derivative of v**3 - 84*v + 26. Let z(k) be the first derivative of i(k). Determine z(-2).
-12
Let r(y) = -61*y**3 + 17 + 21*y**3 + 0*y + 24*y**3 - 9*y**2 + 17*y**3 + 9*y. Determine r(8).
25
Let o(c) = -6*c + 15. Suppose -2*y - 4*t - 4 = 0, 16*t + 10 = -3*y + 11*t. What is o(y)?
75
Let g be (92/12 - 8)/((-2)/240). Suppose g = 5*r + 60. Let t(j) = j**3 + 5*j**2 + 5*j + 4. What is t(r)?
0
Let n(b) = -17*b**3 + 4*b**2 - 64*b + 25. Let q(s) = -20*s**3 + 4*s**2 - 75*s + 27. Let h(v) = 7*n(v) - 6*q(v). Give h(-3).
16
Let u(t) = 41*t**2 - 6*t - 2. Let b be u(3). Let d = b + -347. Let x(w) = -w - 1. Let k(v) = v**3 + 4*v. Let r(p) = -k(p) - 2*x(p). Give r(d).
-10
Let a be (12/(-27)*3)/((-4)/3). Let x(m) = m + 5. Determine x(a).
6
Let j = 309 - 300. Let i be (-10)/3 - (-12)/j. Let r(c) = -7*c**2 - 2*c - 3. What is r(i)?
-27
Let o(f) be the first derivative of 2*f**3/3 + 37*f**2/2 + 39*f - 9829. What is o(-17)?
-12
Let t = -4 + -45. Let o = 51 + t. Let w(r) = -6 - 3*r**2 - 5 + r**3 + 2*r - r**o + 5. Determine w(4).
2
Let r(z) = 11*z + 466. Suppose 2*g + 58 = -4*a, 140*g + 5*a + 94 = 137*g. Calculate r(g).
-7
Suppose 0 = -24*s + 7 + 113. Let x(k) = -9*k**2 - 3 + 13*k**2 + s*k - 5*k**2 - 4. Determine x(5).
-7
Let a(n) = -n**3 - 4*n**2 + 2*n + 10. Let j be a(-4). Suppose j*x - 17 = -7. Let q(y) = -y**3 + 6*y**2 - 8*y + 8. Determine q(x).
-7
Suppose -4*k - 2 = -2*s, -4*s + 10 + 8 = -k. Let m be 3 - (-11 + (0 - 3)). Let o(w) = 7*w**2 + 18*w - w**3 - m*w - 2*w**2 + 1. Give o(s).
6
Let x = 809 - 820. Let c(q) = 5*q**2 - 13*q - 14. Let i(w) = -18*w**2 + 40*w + 43. Let k(u) = 7*c(u) + 2*i(u). Give k(x).
-12
Let x(h) = h**3 - 8*h**2 + h + 3. Let l(b) = 6*b - 99. Let c(t) = t. Let u be c(17). Let y be l(u). Calculate x(y).
-39
Suppose x - 5*u = -19, 15 = 5*x + 18*u - 21*u. Let t(v) = -1 + 5 - 1 + v**3 - 7*v**2 + 4*v + 3. Calculate t(x).
-6
Let q(m) = 9*m + 7. Let f(u) = 8*u + 6. Let i(l) = -5*f(l) + 4*q(l). Let z = 226 - 337. Let r = z + 113. Give i(r).
-10
Let b(j) = -j**2 - 30*j - 45. Let t = 8310 + -8338. Determine b(t).
11
Let d(s) be the second derivative of -s**3/6 + 9*s**2/2 + 83*s. Let v(n) = -n**2 - 9*n - 4. Suppose 16*a + 16 = 14*a. Let l be v(a). Calculate d(l).
5
Let w(f) be the third derivative of -f**4/6 - f**3/3 + 2*f**2 - 2*f + 136. Suppose 0 = -5*n + 5 + 5. Calculate w(n).
-10
Suppose 55*d - 150 = 49*d. Suppose -d + 14 = 11*r. Let q(v) = 9*v**2 - 1. Determine q(r).
8
Let g be (-1)/(-2)*(-11 + -1). Let s(o) be the third derivative of -o**4/24 + o**3/2 - 1613*o**2 - 5*o. Calculate s(g).
9
Let t = -3304 + 3315. Let a(h) = h**3 - 11*h**2 - 2*h + 20. Calculate a(t).
-2
Let m(y) be the third derivative of y**6/30 + 7*y**5/60 + y**4/3 - 5*y**3/6 - 23*y**2 - 2. Let b(k) = k**3 + k + 1. Let q(x) = -3*b(x) + m(x). What is q(-6)?
-2
Let d(t) be the third derivative of t**5/60 - t**4/4 - t**3/3 - t**2 + 13. Let v(h) = -2*h**2 + 4*h + 5. Let p be v(4). Let c = p - -14. Give d(c).
-11
Let k(h) be the first derivative of h**4/4 - 4*h**3/3 - 3*h**2 - h - 6761. Give k(5).
-6
Let p(c) = -c**2 + c + 4. Let k be p(2). Let b(g) = -1 + 3*g**2 - k*g + 6 - 2 + 1 - g**3. Give b(4).
-20
Let h(j) = j**2 + j - 7. Let n be h(0). Let w(o) = 3*o - 197. Let v(g) = 8*g - 544. Let m(r) = 4*v(r) - 11*w(r). Give m(n).
-2
Let k(c) = -1394*c**3 + 5*c**2 + 2786*c**3 - 2*c - 2*c - 1391*c**3 - 2*c + 2. Suppose -2*w = 3*t + 15, 2*w = -t - 12 - 1. Calculate k(w).
2
Let b(k) = 26*k**2 - 1359 + 4*k**3 + 1407 - 3*k - 5*k**3 + k. What is b(26)?
-4
Let j(f) = 25*f + 45. Let v(c) = 111*c + 181. Let g(m) = 9*j(m) - 2*v(m). Give g(-15).
-2
Let o(p) be the third derivative of -1 + 0*p**5 + 20*p**2 + 0*p - 1/6*p**4 - 1/6*p**3 + 1/120*p**6. Determine o(-3).
-16
Let a(b) = -b + 7. Let c = -9724 + 9740. What is a(c)?
-9
Let n be 0 + 2/(2/2). Let x = -7 + n. Let d(m) = 3 - m**3 - 1 - 64*m + 0 + 3 - 6*m**2 + 63*m. Calculate d(x).
-15
Suppose 10*p = 15*p - 25. Suppose -13 = g + p*m + 10, 2*g - 14 = 2*m. Let v(j) = -4*j - 3. Let c(y) = 2*y + 1. Let u(t) = 10*c(t) + 4*v(t). Calculate u(g).
6
Suppose -3*v + 4 = -2. Let o be ((-6)/(-2))/((-1)/v). Let u(m) = -m**2 + 22*m - 7. Let j(x) = -x**2 + 35*x - 8. Let l(p) = 2*j(p) - 3*u(p). Determine l(o).
17
Let h(w) be the second derivative of -4*w**3/3 - 65*w**2/2 - 55*w - 39. What is h(-14)?
47
Let f(n) = 12*n - 45. Let b be 3741/387 - (1 - 5)*3/(-18). Calculate f(b).
63
Suppose -90*x + 125 - 81 = 134. Let v(d) = 6*d**3 - d**2 - d - 2. What is v(x)?
-8
Let a(l) = -l**2 - l. Suppose -5*p = w - 14, -